me factors of 35199834.
2, 3, 1459, 4021
List the prime factors of 240995096.
2, 30124387
List the prime factors of 7100133.
3, 2366711
What are the prime factors of 151400417?
7, 19, 733, 1553
List the prime factors of 13752629.
11, 71, 17609
What are the prime factors of 3242740640?
2, 5, 19, 149, 7159
List the prime factors of 719279058.
2, 3, 119879843
What are the prime factors of 198158223?
3, 66052741
What are the prime factors of 265633459?
7, 13, 417007
What are the prime factors of 522610361?
7, 13, 103, 4289
List the prime factors of 4381982020.
2, 5, 13, 47, 358591
What are the prime factors of 9266862?
2, 3, 11, 140407
What are the prime factors of 11952817?
11952817
What are the prime factors of 299268950?
2, 5, 37, 83, 1949
What are the prime factors of 494440891?
7, 103, 571, 1201
What are the prime factors of 472190530?
2, 5, 7, 6745579
List the prime factors of 80742123.
3, 7, 11, 71, 547
What are the prime factors of 108076747?
23, 4698989
What are the prime factors of 165227274?
2, 3, 37, 248089
List the prime factors of 1046706220.
2, 5, 7, 41, 182353
What are the prime factors of 4630942480?
2, 5, 57886781
What are the prime factors of 100401528?
2, 3, 4183397
List the prime factors of 1197761242.
2, 59, 10150519
List the prime factors of 142580416.
2, 11, 202529
What are the prime factors of 163661417?
163661417
List the prime factors of 1411263354.
2, 3, 43, 5470013
What are the prime factors of 71479681?
7, 13, 112213
List the prime factors of 24448509.
3, 2716501
What are the prime factors of 26441637?
3, 8813879
What are the prime factors of 191834425?
5, 293, 26189
List the prime factors of 551590688.
2, 11, 31, 50549
What are the prime factors of 1907712137?
17, 112218361
List the prime factors of 3423030826.
2, 15889, 107717
What are the prime factors of 1040799881?
11, 2273, 41627
What are the prime factors of 162579583?
162579583
What are the prime factors of 124169862?
2, 3, 107, 269, 719
What are the prime factors of 2303245?
5, 7, 17, 79
List the prime factors of 16435966.
2, 8217983
What are the prime factors of 88493074?
2, 44246537
List the prime factors of 1739663365.
5, 11, 73, 433291
What are the prime factors of 84868981?
17, 47, 106219
List the prime factors of 163670719.
97, 1687327
What are the prime factors of 6097561103?
6097561103
What are the prime factors of 65199998?
2, 17, 47, 40801
List the prime factors of 55833513.
3, 41, 453931
What are the prime factors of 171120695?
5, 709, 48271
List the prime factors of 85118790.
2, 3, 5, 61, 193, 241
List the prime factors of 139878289.
53, 2639213
List the prime factors of 4910453325.
3, 5, 137, 241, 661
List the prime factors of 6384421315.
5, 17, 75110839
What are the prime factors of 197006996?
2, 49251749
List the prime factors of 331332763.
83, 3991961
What are the prime factors of 23873914?
2, 11936957
List the prime factors of 86613935.
5, 41, 113, 3739
What are the prime factors of 5300857631?
449, 11805919
List the prime factors of 449643020.
2, 5, 277, 81163
List the prime factors of 229519189.
41, 47, 119107
What are the prime factors of 143804222?
2, 71902111
What are the prime factors of 146962805?
5, 11, 59, 45289
What are the prime factors of 333557892?
2, 3, 31, 67, 1487
List the prime factors of 88871104.
2, 7, 17, 1667
List the prime factors of 401967978.
2, 3, 66994663
List the prime factors of 71712480.
2, 3, 5, 7, 3049
What are the prime factors of 167885772?
2, 3, 13990481
What are the prime factors of 81273364?
2, 1699, 11959
List the prime factors of 125437793.
13, 9649061
What are the prime factors of 70858557?
3, 7, 11, 541
What are the prime factors of 380325231?
3, 11, 13, 295513
List the prime factors of 2476598090.
2, 5, 283, 643, 1361
List the prime factors of 78914924.
2, 11, 131, 13691
List the prime factors of 528758898.
2, 3, 137, 283, 2273
List the prime factors of 10996259.
257, 42787
What are the prime factors of 126716547?
3, 6229, 6781
What are the prime factors of 747904144?
2, 13, 19, 97, 1951
List the prime factors of 898047186.
2, 3, 5927, 25253
List the prime factors of 1055321497.
1055321497
List the prime factors of 84123609.
3, 43, 652121
What are the prime factors of 1199665481?
7, 79, 44273
List the prime factors of 566701054.
2, 139, 2038493
What are the prime factors of 4022227218?
2, 3, 670371203
List the prime factors of 23392364.
2, 239, 24469
What are the prime factors of 272956216?
2, 13, 17, 154387
What are the prime factors of 212590366?
2, 43, 1171, 2111
List the prime factors of 536923618.
2, 7, 11, 41, 85037
What are the prime factors of 3046559002?
2, 79, 19282019
What are the prime factors of 1052474032?
2, 29, 2268263
List the prime factors of 340439630.
2, 5, 293, 116191
What are the prime factors of 298179289?
13009, 22921
What are the prime factors of 22838942?
2, 7, 181, 9013
List the prime factors of 51549563.
13, 191, 1597
What are the prime factors of 60503254?
2, 7, 317, 13633
List the prime factors of 624971209.
624971209
What are the prime factors of 181703209?
113, 761, 2113
What are the prime factors of 271554669?
3, 19, 53, 83
List the prime factors of 5025491.
389, 12919
List the prime factors of 1540888112.
2, 96305507
List the prime factors of 530181127.
7, 31, 41, 8513
What are the prime factors of 2377789747?
2377789747
What are the prime factors of 75676291?
59, 1282649
What are the prime factors of 103510356?
2, 3, 47, 223, 823
List the prime factors of 780548362.
2, 11, 2917, 12163
List the prime factors of 39157903.
39157903
What are the prime factors of 544577400?
2, 3, 5, 97, 3119
List the prime factors of 14822786.
2, 11, 193, 3491
List the prime factors of 202711341.
3, 7, 9652921
List the prime factors of 65635614.
2, 3, 11, 19, 73, 239
What are the prime factors of 16025433?
3, 5341811
What are the prime factors of 4149613453?
17, 6101, 40009
List the prime factors of 1628825473.
11, 148075043
What are the prime factors of 3156543398?
2, 43, 36703993
What are the prime factors of 565268593?
565268593
List the prime factors of 230752282.
2, 31, 3721811
What are the prime factors of 241257877?
7, 19, 1813969
What are the prime factors of 4499048562?
2, 3, 17231, 43517
List the prime factors of 29051232.
2, 3, 7, 17, 2543
What are the prime factors of 240757066?
2, 11, 73, 149911
List the prime factors of 118933045.
5, 7, 11, 44131
What are the prime factors of 498734355?
3, 5, 7, 17, 31, 9013
What are the prime factors of 10102960?
2, 5, 7, 18041
List the prime factors of 911152142.
2, 6451, 70621
List the prime factors of 3031922103.
3, 7, 17, 401, 21179
What are the prime factors of 4303645476?
2, 3, 13, 521, 52951
What are the prime factors of 85409678?
2, 449, 95111
List the prime factors of 2623258966.
2, 41, 521, 61403
List the prime factors of 1854446995.
5, 59, 269, 23369
List the prime factors of 23937085.
5, 1249, 3833
List the prime factors of 50293625.
5, 31, 12979
List the prime factors of 4692510283.
4692510283
List the prime factors of 223825226.
2, 61, 367, 4999
List the prime factors of 217548944.
2, 13596809
What are the prime factors of 37828840?
2, 5, 7, 167, 809
List the prime factors of 258968303.
11, 73, 322501
List the prime factors of 1472790081.
3, 7, 70132861
What are the prime factors of 172664449?
101, 683, 2503
What are the prime factors of 64219396?
2, 2411, 6659
List the prime factors of 1734043763.
223, 7775981
What are the prime factors of 268041153?
3, 3851, 23201
List the prime factors of 258099048.
2, 3, 103, 1289
What are the prime factors of 917478284?
2, 389, 589639
What are the prime factors of 22997187?
3, 41, 62323
What are the prime factors of 4014226947?
3, 1338075649
What are the prime factors of 86815770?
2, 3, 5, 17, 170227
List the prime factors of 752693740.
2, 5, 19, 1980773
What are the prime factors of 1247746226?
2, 19, 67, 113, 4337
List the prime factors of 365380255.
5, 73076051
List the prime factors of 15489323.
15489323
List the prime factors of 49365722.
2, 7, 17, 41, 5059
List the prime factors of 281818590.
2, 3, 5, 137, 191, 359
What are the prime factors of 4225602245?
5, 845120449
List the prime factors of 17158420.
2, 5, 461, 1861
List the prime factors of 42295592.
2, 17, 310997
List the 